 15, what is -2 + a7?
a5
In base 3, what is -10212211 - 1101?
-10221012
In base 15, what is -8 + -999?
-9a2
In base 10, what is 696 + -66?
630
In base 15, what is 5 - 2978?
-2973
In base 6, what is 25103 - 51?
25012
In base 11, what is 5 - 27286?
-27281
In base 9, what is -114 - 761?
-875
In base 5, what is 2 + -303431?
-303424
In base 14, what is 56 - 6bab?
-6b55
In base 4, what is -12010123 + -3021?
-12013210
In base 13, what is 171008 + -5?
171003
In base 11, what is -32803 - 2?
-32805
In base 12, what is -53b58 - -5?
-53b53
In base 13, what is 4 + 37963?
37967
In base 4, what is -2321120 - -11?
-2321103
In base 11, what is 166 + -27?
13a
In base 6, what is 152 - -20000?
20152
In base 3, what is 1102011 - -2021210?
10200221
In base 4, what is 2 + -2123233?
-2123231
In base 15, what is -83 - 94?
-127
In base 9, what is -14214 - 252?
-14466
In base 6, what is 15424321 - 2?
15424315
In base 11, what is -9300a + 6?
-93004
In base 5, what is 1030141424 - -2?
1030141431
In base 6, what is -10 + -1003411?
-1003421
In base 5, what is -344 + 1024?
130
In base 10, what is -3 + -9062?
-9065
In base 6, what is 304552 - -13?
305005
In base 6, what is -5504 + 1?
-5503
In base 14, what is -19d8 + 12?
-19c6
In base 9, what is 186 + -335?
-138
In base 10, what is 17696 + 6?
17702
In base 11, what is -4 + -4a663?
-4a667
In base 14, what is -5a168 - -b?
-5a15b
In base 14, what is -7339 - -5?
-7334
In base 3, what is 102021100 - 2?
102021021
In base 14, what is -5204 - -5?
-51dd
In base 5, what is -1 - -1211102?
1211101
In base 12, what is -3 - -5532?
552b
In base 14, what is -9496 + -50?
-9506
In base 13, what is -11721 - -2?
-1171c
In base 5, what is 0 - 12212112?
-12212112
In base 12, what is 13 + 7291?
72a4
In base 9, what is -253 + 6558?
6305
In base 10, what is -105 - -96?
-9
In base 4, what is -312201 - 110?
-312311
In base 11, what is 719 + 254?
972
In base 12, what is 416 + 26?
440
In base 8, what is 4546 - 36?
4510
In base 9, what is -403644 + -5?
-403650
In base 8, what is 43 - -34114?
34157
In base 3, what is 22 + 210201110?
210201202
In base 2, what is 10110 + -110100100110?
-110100010000
In base 9, what is -52025 - -152?
-51763
In base 11, what is 3 + -5464?
-5461
In base 14, what is -239 + -1622?
-185b
In base 6, what is 14044 + -15?
14025
In base 11, what is -277846 + -2?
-277848
In base 13, what is 95b + a?
968
In base 13, what is -7 - 11ac?
-11b6
In base 9, what is -351 - -512?
151
In base 13, what is 2 + 25ba6?
25ba8
In base 2, what is 100100111 + 101111101001?
110100010000
In base 8, what is 4663 - -23?
4706
In base 3, what is -110 + 1201121111?
1201121001
In base 4, what is -11212 - -120?
-11032
In base 13, what is 1570 + 91?
1631
In base 9, what is -28628 + 134?
-28484
In base 8, what is 404735 - -17?
404754
In base 9, what is -1 + 438543?
438542
In base 10, what is -4 - -548825?
548821
In base 7, what is -23035 - 422?
-23460
In base 6, what is 314 + -1113?
-355
In base 9, what is -8373 + -13?
-8386
In base 14, what is 3b - 746?
-709
In base 5, what is -1 + 14031243?
14031242
In base 15, what is -5 + 1a3e?
1a39
In base 8, what is -6617 - 0?
-6617
In base 11, what is 5 - -54841?
54846
In base 12, what is -41491 - 8?
-41499
In base 3, what is -11 - -1201211110?
1201211022
In base 5, what is 4 - 40322?
-40313
In base 2, what is 1010 - 1011101101101?
-1011101100011
In base 3, what is 202122220011 + -11?
202122220000
In base 7, what is -2 + 462110?
462105
In base 6, what is -352 + 11403?
11011
In base 15, what is -3 + -9256?
-9259
In base 2, what is 101111011001010 - 100?
101111011000110
In base 16, what is -a5 + -bca?
-c6f
In base 14, what is 30655 + -3?
30652
In base 8, what is 1 - -206164?
206165
In base 15, what is 100c - 2d?
ece
In base 2, what is -1110011111 + 111110?
-1101100001
In base 15, what is 7678 + 2?
767a
In base 8, what is 0 - -105?
105
In base 15, what is 2b - 606?
-5ca
In base 9, what is -5325 + -17?
-5343
In base 4, what is -13333 + 100312?
20313
In base 15, what is 91c2 + 53?
9225
In base 4, what is -100 + 1002312?
1002212
In base 12, what is a5 - 73a?
-655
In base 4, what is -1 + 130200310?
130200303
In base 9, what is 3658 - -4?
3663
In base 12, what is 207462 + -4?
20745a
In base 16, what is 21e - -51?
26f
In base 9, what is 25835 - -4?
25840
In base 6, what is -11 - 14505?
-14520
In base 7, what is -10625336 - -3?
-10625333
In base 5, what is -43 + -4010001?
-4010044
In base 11, what is -34 + 12848?
12814
In base 12, what is -92 + 2680?
25aa
In base 14, what is -3a - -397a?
3940
In base 13, what is 2465 - -147?
25ac
In base 6, what is -32515 - 144?
-33103
In base 2, what is -100100011010000 - -11100?
-100100010110100
In base 7, what is 6300 - 1140?
5130
In base 15, what is -4c3 + -45?
-518
In base 4, what is -23010 + 111230?
22220
In base 3, what is -2020000 - -10102002?
1012002
In base 14, what is 13234 + -3c?
131d6
In base 12, what is 6b8964 + -2?
6b8962
In base 15, what is -100a + 6?
-1004
In base 15, what is -ae3 - -1b0?
-933
In base 9, what is -52 - 2457?
-2520
In base 9, what is -3 + 1731?
1727
In base 3, what is -2110002120 + 121?
-2110001222
In base 4, what is 11 - 131230133?
-131230122
In base 2, what is -1110001 - 10100110010111100?
-10100110100101101
In base 14, what is 83 + -30a3?
-3020
In base 16, what is -4 - -1b67?
1b63
In base 3, what is -2102 - -21100121?
21021012
In base 12, what is -1 + -b8b0?
-b8b1
In base 14, what is -10154 - 1c?
-10172
In base 14, what is c5a4 + -3?
c5a1
In base 2, what is 1100010000011010100011 - 11?
1100010000011010100000
In base 12, what is -569 + -14?
-581
In base 12, what is -13 + 1030?
1019
In base 6, what is 1143 - -133141?
134324
In base 2, what is 100110010101100001 + -1?
100110010101100000
In base 9, what is 81012 + -70?
80832
In base 7, what is -2146530 + 2?
-2146525
In base 16, what is 31 - -9df?
a10
In base 3, what is 10 - 1020110110?
-1020110100
In base 6, what is 4401153 + -13?
4401140
In base 4, what is -30230301 + 10?
-30230231
In base 12, what is 23624 - -10?
23634
In base 8, what is 7 + -14131?
-14122
In base 11, what is -50967 + -4?
-50970
In base 15, what is -90a - 44?
-94e
In base 3, what is 1110100110 - -12?
1110100122
In base 3, what is 1212212 + -100002?
1112210
In base 4, what is -103110 + 100?
-103010
In base 5, what is 1010033 + 124?
1010212
In base 7, what is 5 + -220230?
-220222
In base 3, what is 112 + -21120002000?
-21120001111
In base 4, what is 31212 + 22020?
113232
In base 6, what is 444444 - -11?
444455
In base 15, what is -1dc7 + d?
-1db9
In base 10, what is -264 + 2?
-262
In base 16, what is -3 - -206f8?
206f5
In base 11, what is 615701 + 3?
615704
In base 9, what is 3580 - 6?
3573
In base 9, what is 121 + 50765?
50886
In base 14, what is 7b847 - -4?
7b84b
In base 12, what is 5 - b24?
-b1b
In base 7, what is -5 + 46144?
46136
In base 15, what is 34e81 + 2?
34e83
In base 9, what is 5 - 200646?
-200641
In base 11, what is 1693 + -1144?
54a
In base 8, what is 5 + -1675473?
-1675466
In base 7, what is 5201 - -3?
5204
In base 9, what is -50 + -58650?
-58710
In base 11, what is -2 - -387?
385
In base 4, what is 0 - -1300133321?
1300133321
In base 4, what is -11211 + 200103?
122232
In base 6, what is 22 + -224123?
-224101
In base 7, what is -216001 + -3?
-216004
In base 11, what is -1006 + 3?
-1003
In base 13, what is a + -813b?
-8131
In base 16, what is -17a74c - 2?
-17a74e
In base 3, what is -100100 + -2000210?
-2101010
In base 9, what is 734 - 1025?
-181
In base 12, what is -16 + -76b9?
-7713
In base 5, what is -3 - 1403043?
-1403101
In base 4, what is 1130231201 - 1?
1130231200
In base 7, what is -154101 - 1?
-154102
In base 9, what is 4414 - 282?
4122
In base 15, what is d8356 + -5?
d8351
In base 4, what is 20122 + -33?
20023
In base 6, what is -100 + 201550?
201450
In base 8, what is 617 - -77?
716
In base 3, what is 102200 - 10221?
21202
In base 7, what is 2 - 6606?
-6604
In base 8, what is 5 - 70077?
-70072
In base 16, what is 1f - -75b?
77a
In base 6, what is 3 + 140543?
140550
In base 8, what is -1270136 + -2?
-1270140
In base 12, what is 4a460 + -4?
4a458
In base 12, what is 58882 - 5?
58879
In base 4, what is 1 - 12320301131?
-12320301130
In base 3, what is 102202020 - -110?
102202200
In base 16, what is 5 + 4cd7?
4cdc
In base 15, wha